eatest common divisor of n and 187.
11
Let n(x) = -2*x**2 + 8*x + 2. Let i(b) = 3*b**2 - 8*b - 1. Let h(g) = -3*i(g) - 4*n(g). Let w be h(-6). What is the greatest common factor of w and 35?
7
Let x(m) = 3*m - 14. Let p be x(13). Calculate the greatest common factor of 10 and p.
5
Suppose -2*m = 3*m - 55. Calculate the highest common factor of 44 and m.
11
Suppose -s = 4*g + 15, -s - 2*s = -3*g - 30. Suppose s*l = 9*l - 120. What is the highest common divisor of 10 and l?
10
Let j(s) be the first derivative of 77*s**3/3 + 4. Let m be j(1). Calculate the greatest common factor of 7 and m.
7
Suppose x = 4*x - 30. Calculate the highest common divisor of x and 4.
2
Suppose -3 = 2*w + 3. Let b = -4 - w. Let n(j) = 10*j**2 - 1. Let z be n(b). Calculate the greatest common factor of z and 3.
3
Let b be ((-42)/49)/((-2)/14). Calculate the highest common factor of 48 and b.
6
Let b be (1/((-3)/(-84)))/2. What is the highest common divisor of 154 and b?
14
Let c be (2/4)/(1/6). Suppose -3*p = 2*f - c*f - 326, 0 = -f - 2. Suppose -2*x + 17 = -7. What is the greatest common factor of x and p?
12
Suppose 18 + 46 = 8*h. Calculate the highest common factor of 72 and h.
8
Suppose -20*v + 156 = -16*v. What is the greatest common divisor of v and 26?
13
Suppose 9*a - 180 = -3*a. Suppose 0*r + 610 = 2*r. Suppose -4*u - 5*h + r = 0, 4*h + 371 = 2*u + 3*u. What is the greatest common factor of u and a?
15
Let p = 201 - 141. Let r(f) = -f**3 + f**2 + 6. Let k be r(0). Suppose -s - p = -k*s. What is the greatest common factor of s and 108?
12
Let w(h) be the second derivative of h**3/6 + 9*h**2 - h. Let a be w(0). Suppose -a = -3*f + 36. What is the greatest common factor of 27 and f?
9
Let s = -16 + 30. Let u be 2 - (-7)/((-7)/(-54)). Suppose -w + u = -14. What is the highest common divisor of s and w?
14
Let b = -4 + -1. Let p = 16 + b. Calculate the greatest common factor of 121 and p.
11
Let x(h) = h**2 - 4*h - 5. Let s be x(-3). What is the greatest common divisor of s and 48?
16
Suppose -8 = -f + 3. Let c be (-5)/15*2073/(-1). Suppose 5*w = -86 + c. Calculate the highest common divisor of w and f.
11
Let p(i) = 6*i**3 + 2*i - 2. Let f be p(1). What is the greatest common divisor of f and 3?
3
Let z be (-18)/(-4)*2 + 2. Let v be -1 + 4 + (-3)/(-3). Suppose -3*f + 74 = v*q, q = -4*f - 0*q + 90. What is the highest common factor of f and z?
11
Suppose -2*v = -12*v + 420. Let t = 1 + 6. What is the greatest common factor of t and v?
7
Let r = -15 - -45. Calculate the highest common divisor of r and 15.
15
Let n be 1 + (-2 - 38) + -1. Let t = 80 + n. Suppose -l - 4*p + 6 = 0, -3*l + 12 + 14 = 4*p. What is the greatest common factor of l and t?
10
Let f(g) = 7*g**3 - 2*g**2 + 3*g - 5. Let h be f(3). Let m(a) = a**3 - 6*a**2 + 4*a + 1. Let x be m(6). Calculate the highest common divisor of x and h.
25
Suppose -j = -1 - 3. Suppose -a - 1 = -j. Suppose 3*v + a = -0*v + 4*p, 4*v = 4*p. Calculate the highest common divisor of 24 and v.
3
Let w = 116 - 4. What is the highest common divisor of w and 8?
8
Suppose y = 4*m - 3, 2*m = y - 7 - 0. What is the highest common divisor of y and 187?
17
Let l(r) = -4*r - 12. Let i be l(-9). Suppose 3*q + 120 = 5*q. What is the greatest common divisor of q and i?
12
Let f be 102*((-9)/6 - -2). Suppose -9 = 3*z - f. What is the highest common factor of z and 7?
7
Suppose -3*r + 5*r = 5*z - 3, 6 = z + 5*r. Let h be 4/(z + 1/1). Suppose 3*g + 4 = -y, 3*g = 2*y - 4*y - h. What is the greatest common divisor of y and 8?
2
Suppose 0 = -3*s - s + 152. Let v = s + 39. Calculate the greatest common factor of 7 and v.
7
Suppose 3*y + 10 = y, -2*s + 2*y + 36 = 0. Suppose 2*v - 2*g - 3*g - 26 = 0, -s = -v - 5*g. Calculate the highest common factor of v and 52.
13
Let m(w) = w - 5. Let r be (0 - 0) + (-1 - -12). Let p be m(r). Let a = 111 + -69. Calculate the greatest common divisor of p and a.
6
Suppose 0 = -3*r - r - 4*s - 472, 120 = -r - 3*s. Let g = r + 245. Calculate the greatest common factor of g and 16.
16
Suppose -2*w - 60 = -6*w. Suppose -w = -4*k + k. Suppose -g - 229 = -4*g - l, l = k*g - 371. What is the highest common divisor of g and 15?
15
Let t = -3 - -17. Let b(c) = c**3 - 10*c**2 + 7. Let l be b(10). Calculate the greatest common factor of l and t.
7
Let r = 12 + -10. Suppose -x + r = -7. Suppose 3*g = x + 27. What is the greatest common factor of 84 and g?
12
Suppose 4*b - 75 = -b. Calculate the greatest common divisor of b and 6.
3
Suppose 0 = -0*p - p + 8. Suppose 4*k = p, -3*r - 2*r = 3*k - 136. Suppose i + 0*i + 4 = 0, -2*u + 122 = 2*i. What is the highest common factor of r and u?
13
Suppose 0 = -j - 3*j + 4*q - 24, 5*q = -3*j + 22. Let x be (j + -6)*(0 + -9). Calculate the highest common factor of 7 and x.
7
Let f(j) = -j + 4. Let p be f(2). Suppose 4*w + 474 = 3*m, 5*m - 3*m + p*w = 330. Calculate the highest common divisor of m and 18.
18
Let w(r) = 105*r**3 - 2*r**2 + r. Let q be w(1). Let b = 35 + -22. Calculate the highest common factor of b and q.
13
Suppose 0*j + 49 = 3*i + 2*j, -5*j - 1 = -2*i. Suppose 0 = -o + 5*o - 52. Calculate the greatest common divisor of o and i.
13
Let h be (-3 + 0/(-2))/(-1). Let r be 4*-6*2/(-16). Let v be 111/9 + (-1)/r. What is the greatest common factor of v and h?
3
Let m = -17 + 24. Let a(p) = 2*p + 6. Let z be a(m). Let d be 24 + -2 - (0 + 2). What is the highest common factor of d and z?
20
Let o = 8 + -6. Suppose -o*n + 21 = r, -4*r + 2*n = -0*n - 124. What is the highest common divisor of 319 and r?
29
Suppose -3*u = 5*m - 6, 5 = -4*m + 2*u + 1. Let w = 5 - m. Suppose 0 = -w*k + 3 + 37. Calculate the greatest common divisor of k and 12.
4
Let m be 13/(-26) + 11/(-2). Let o be (-132)/8*16/m. What is the greatest common factor of o and 22?
22
Let p = 34 - 25. Calculate the highest common factor of p and 18.
9
Let g = 187 - 186. What is the highest common factor of g and 25?
1
Let f = -41 - -83. Calculate the greatest common divisor of 21 and f.
21
Suppose -3*q + 5*w + 2 = -48, -w - 4 = 0. Suppose 4*g + 2 = 3*d + 3, 5*d + 5*g - q = 0. Calculate the greatest common factor of d and 3.
1
Let b(y) = 7*y + 8. Let l be b(7). Suppose -l = -3*k + 63. Calculate the highest common factor of k and 16.
8
Let m = 9 - 3. Let d(c) = c**2 + 3*c - 6. Let s be d(m). What is the greatest common factor of s and 120?
24
Let q(a) = 19*a**2 + 3*a**2 + 2*a + 1 + 33*a**2. Suppose b + 1 = -0. Let v be q(b). Calculate the greatest common factor of v and 36.
18
Suppose 87 = 4*c - f, 2*c - 18 = c + 4*f. Let j = -241 - -483. What is the greatest common factor of c and j?
22
Let k = -8 - -11. Suppose 8*f - 145 = k*f. What is the highest common factor of f and 87?
29
Let b = 116 + -57. Let i = -33 + b. Suppose 0*r - 3*r = -195. Calculate the highest common divisor of r and i.
13
Let y(a) = a**3 + 8*a**2 + 5*a - 8. Let t be y(-7). Let n = 8 + t. What is the greatest common divisor of 42 and n?
14
Let x(a) = a**2 - 9*a. Let v be x(4). Let b be (-1 + 1/2)*v. What is the greatest common divisor of 90 and b?
10
Suppose 0 = -3*z - 5*p + 2 + 54, -4*z + 96 = -4*p. Calculate the highest common factor of 132 and z.
22
Let b(t) = 5*t**2 + 2*t - 1. Let a be b(1). Let p = -8 - -10. Calculate the greatest common divisor of a and p.
2
Let r be 102/4 - 2/(-4). Let q = 177 - 80. Suppose 3*s + 6*k - 3*k = 132, 3*s = 4*k + q. What is the highest common factor of s and r?
13
Let m = 9 - 11. Let c be (-3 + 12)/((-2)/m). Let t = -4 - -10. What is the greatest common divisor of t and c?
3
Suppose 4*h = 8*h - 64. Let w be (-4 - 3)/((-2)/(-32)). Let a be ((-9)/3)/(3/w). What is the greatest common factor of h and a?
16
Suppose -2*k = 8, -h = 2*k + 3*k - 134. What is the highest common factor of 22 and h?
22
Let j be (3/3)/(3/12). Suppose 0 = j*u - 32 + 4. Let q be (-7)/(1*(0 + -1)). What is the highest common factor of u and q?
7
Let p(d) = -1002*d**3 + d**2. Let m be p(1). Let o be ((-12)/(-14))/((-13)/m). Calculate the highest common divisor of o and 165.
33
Let w be 382/4 - (-1)/2. What is the greatest common divisor of w and 32?
32
Let x = 12 - -12. Let n = x - 9. What is the highest common factor of n and 3?
3
Let c be 21/(-2) + (-8)/16. Let f = 1 - c. Calculate the greatest common divisor of 96 and f.
12
Let m = -23 + 133. Wha